it of 123785?
8
What is the ten thousands digit of 221437?
2
What is the thousands digit of 8164097?
4
What is the units digit of 1619263?
3
What is the hundred thousands digit of 1965530?
9
What is the hundred thousands digit of 361433?
3
What is the tens digit of 5498882?
8
What is the units digit of 2068153?
3
What is the hundreds digit of 8796063?
0
What is the ten thousands digit of 3965926?
6
What is the ten thousands digit of 10063803?
6
What is the millions digit of 7876612?
7
What is the ten thousands digit of 1848795?
4
What is the tens digit of 4385562?
6
What is the units digit of 1540209?
9
What is the ten thousands digit of 254294?
5
What is the hundred thousands digit of 161641?
1
What is the tens digit of 1321107?
0
What is the hundred thousands digit of 808783?
8
What is the hundreds digit of 7784048?
0
What is the millions digit of 2956658?
2
What is the hundred thousands digit of 4362450?
3
What is the tens digit of 328880?
8
What is the ten thousands digit of 1055758?
5
What is the millions digit of 5454239?
5
What is the millions digit of 17318154?
7
What is the tens digit of 11655740?
4
What is the hundred thousands digit of 5033844?
0
What is the hundreds digit of 2170366?
3
What is the thousands digit of 82152?
2
What is the millions digit of 2473426?
2
What is the ten thousands digit of 692442?
9
What is the tens digit of 322940?
4
What is the ten millions digit of 14398334?
1
What is the tens digit of 646937?
3
What is the tens digit of 8669453?
5
What is the units digit of 104694?
4
What is the thousands digit of 12692207?
2
What is the thousands digit of 572340?
2
What is the units digit of 522718?
8
What is the ten thousands digit of 12517960?
1
What is the tens digit of 1432645?
4
What is the ten thousands digit of 2031232?
3
What is the units digit of 245243?
3
What is the tens digit of 14162510?
1
What is the millions digit of 1538592?
1
What is the thousands digit of 689410?
9
What is the ten millions digit of 13604955?
1
What is the hundred thousands digit of 159658?
1
What is the thousands digit of 1696894?
6
What is the units digit of 895609?
9
What is the ten thousands digit of 4996332?
9
What is the millions digit of 3154280?
3
What is the thousands digit of 1107735?
7
What is the millions digit of 18969451?
8
What is the units digit of 8773452?
2
What is the thousands digit of 218859?
8
What is the tens digit of 186694?
9
What is the hundred thousands digit of 9562881?
5
What is the ten thousands digit of 402501?
0
What is the units digit of 1800086?
6
What is the units digit of 12154234?
4
What is the tens digit of 8936331?
3
What is the thousands digit of 585068?
5
What is the ten thousands digit of 7367712?
6
What is the units digit of 6863590?
0
What is the hundreds digit of 9273517?
5
What is the tens digit of 979968?
6
What is the ten thousands digit of 205848?
0
What is the tens digit of 2999920?
2
What is the ten thousands digit of 9914729?
1
What is the hundreds digit of 13551995?
9
What is the ten thousands digit of 17429486?
2
What is the ten thousands digit of 179543?
7
What is the hundreds digit of 2666918?
9
What is the hundreds digit of 543124?
1
What is the hundred thousands digit of 385009?
3
What is the ten thousands digit of 23337?
2
What is the thousands digit of 379245?
9
What is the units digit of 696963?
3
What is the tens digit of 237782?
8
What is the units digit of 35496676?
6
What is the ten thousands digit of 203139?
0
What is the hundred thousands digit of 559644?
5
What is the thousands digit of 3572404?
2
What is the ten thousands digit of 1320573?
2
What is the hundreds digit of 108840?
8
What is the units digit of 1459979?
9
What is the ten thousands digit of 315114?
1
What is the hundreds digit of 37662671?
6
What is the hundred thousands digit of 9607915?
6
What is the tens digit of 2966055?
5
What is the hundred thousands digit of 3700414?
7
What is the hundreds digit of 39251?
2
What is the ten thousands digit of 5919889?
1
What is the ten thousands digit of 182870?
8
What is the tens digit of 9243521?
2
What is the hundreds digit of 9952990?
9
What is the ten thousands digit of 4630073?
3
What is the hundreds digit of 242705?
7
What is the units digit of 2749991?
1
What is the tens digit of 118610?
1
What is the ten thousands digit of 75503?
7
What is the ten millions digit of 15014096?
1
What is the units digit of 9477457?
7
What is the hundreds digit of 49259?
2
What is the hundred thousands digit of 13147634?
1
What is the thousands digit of 904885?
4
What is the millions digit of 3300501?
3
What is the ten thousands digit of 61099?
6
What is the hundred thousands digit of 1634514?
6
What is the thousands digit of 3208763?
8
What is the hundreds digit of 349417?
4
What is the thousands digit of 101249?
1
What is the hundred thousands digit of 1264612?
2
What is the millions digit of 5161923?
5
What is the thousands digit of 877926?
7
What is the tens digit of 551612?
1
What is the ten thousands digit of 5374538?
7
What is the units digit of 271610?
0
What is the hundred thousands digit of 414224?
4
What is the hundreds digit of 119558?
5
What is the thousands digit of 8117050?
7
What is the units digit of 344593?
3
What is the tens digit of 458413?
1
What is the units digit of 1851382?
2
What is the thousands digit of 770961?
0
What is the ten thousands digit of 2798522?
9
What is the hundreds digit of 1064652?
6
What is the units digit of 318944?
4
What is the tens digit of 1163599?
9
What is the tens digit of 628209?
0
What is the hundred thousands digit of 4220997?
2
What is the ten thousands digit of 12636888?
3
What is the thousands digit of 3991828?
1
What is the hundreds digit of 527450?
4
What is the hundreds digit of 502847?
8
What is the units digit of 1492690?
0
What is the tens digit of 184135?
3
What is the units digit of 335085?
5
What is the ten thousands digit of 830665?
3
What is the units digit of 8082751?
1
What is the hundred thousands digit of 989486?
9
What is the hundred thousands digit of 278930?
2
What is the hundred thousands digit of 542257?
5
What is the hundred thousands digit of 517074?
5
What is the hundreds digit of 255546?
5
What is the hundred thousands digit of 3446639?
4
What is the thousands digit of 12855375?
5
What is the hundreds digit of 1873644?
6
What is the units digit of 2051017?
7
What is the tens digit of 1550626?
2
What is the hundred thousands digit of 15416329?
4
What is the tens digit of 868529?
2
What is the hundred thousands digit of 209483?
2
What is the thousands digit of 13992018?
2
What is the thousands digit of 121691?
1
What is the tens digit of 320984?
8
What is the units digit of 8173968?
8
What is the units digit of 4087728?
8
What is the millions digit of 1905829?
1
What is the ten thousands digit of 127265?
2
What is the tens digit of 62581?
8
What is the units digit of 2094183?
3
What is the hundred thousands digit of 345641?
3
What is the units digit of 11808905?
5
What is the millions digit of 5037788?
5
What is the ten thousands digit of 119594?
1
What is the tens digit of 762056?
5
What is the hundreds digit of 1401655?
6
What is the hundred thousands digit of 4861981?
8
What is the ten thousands digit of 447735?
4
What is the hundreds digit of 476877?
8
What is the hundreds digit of 1018257?
2
What is the hundred thousands digit of 823991?
8
What is the tens digit of 285301?
0
What is the hundreds digit of 454473?
4
What is the tens digit of 1451614?
1
What is the units digit of 630359?
9
What is the units digit of 2213819?
9
What is the ten thousands digit of 158941?
5
What is the tens digit of 157864?
6
What is the ten thousands digit of 19563081?
6
What is the ten thousands digit of 208258?
0
What is the hundreds digit of 459630?
6
What is the millions digit of 10824329?
0
What is the units digit of 308676?
6
What is the millions digit of 4130826?
4
What is the hundreds digit of 582614?
6
What is the thousands digit of 17797787?
7
What is the millions digit of 6700268?
6
What is the hundreds digit of 124990?
9
What is the units digit of 306854?
4
What is the tens digit of 146692?
9
What is the hundreds digit of 268140?
1
What is the ten thousands digit of 179765?
7
What is the thousands d